{"id":3084,"date":"2023-03-09T15:28:50","date_gmt":"2023-03-09T14:28:50","guid":{"rendered":"https:\/\/chronologiekritik.de\/es\/?page_id=3084"},"modified":"2024-02-24T06:41:23","modified_gmt":"2024-02-24T05:41:23","slug":"inicio","status":"publish","type":"page","link":"https:\/\/chronologiekritik.de\/es\/","title":{"rendered":"Cronolog\u00eda revisada"},"content":{"rendered":"<div class=\"wp-block-image\">\r\n<figure class=\"alignright size-large is-resized\"><img loading=\"lazy\" decoding=\"async\" class=\"wp-image-151\" src=\"https:\/\/chronologiekritik.files.wordpress.com\/2022\/06\/astrolab-1.jpg?w=700\" alt=\"\" width=\"230\" height=\"230\" \/><\/figure>\r\n<\/div>\r\n\r\n\r\n<p style=\"text-align: left;\"><strong>Cronolog\u00eda revisada <\/strong>es una web para informar sobre las investigaciones que cuestionan el marco cronol\u00f3gico de la historia actual. Intenta mostrar cu\u00e1ndo se cre\u00f3 este marco, qu\u00e9 errores se cometieron y manipulaciones tuvieron lugar. <a href=\"https:\/\/chronologiekritik.de\/es\/cronologia-critica\/\">M\u00e1s informaci\u00f3n<\/a>.<\/p>\r\n<p style=\"text-align: left;\">\r\n\r\n<\/p>\r\n<p style=\"text-align: left;\"><strong>Cronolog\u00eda revisada <\/strong>publica regularmente ensayos y reflexiones sobre estos temas en la <a href=\"https:\/\/chronologiekritik.de\/es\/category\/articulos\/\" target=\"_blank\" rel=\"noopener\">Sala de Lectura.<\/a> No se trata s\u00f3lo de dataciones; tambi\u00e9n se cuestionan y critican visiones consagradas de la historia que pueden estar basadas en fundamentos falsos.\u00a0<\/p>\r\n<p style=\"text-align: left;\"><a href=\"https:\/\/chronologiekritik.de\/es\/quien-es-quien\/\" target=\"_blank\" rel=\"noopener\"><strong>Qui\u00e9n es qui\u00e9n<\/strong><\/a> es una lista en la que figuran numerosos autoresque o bien trabajan hoy en el campo de la cronolog\u00eda cr\u00edtica o bien han publicado en el pasado, incluso hace siglos, reflexiones o investigaciones relacionadas con este tema. Algunos fueron importantes figuras de la historiograf\u00eda de su \u00e9poca, otros solo han aportado algunos impulsos en esta direcci\u00f3n. Los investigadores m\u00e1s importantes de las \u00faltimas d\u00e9cadas se hallan en la lista de <a href=\"https:\/\/chronologiekritik.de\/es\/cronologia-critica\/autores-actuales\/\" target=\"_blank\" rel=\"noopener\">Autores actuales<\/a>; aparte est\u00e1 la lista de <a href=\"https:\/\/chronologiekritik.de\/es\/colaboradores\/\" target=\"_blank\" rel=\"noopener\">nuestros colaboradores<\/a>.\u00a0<\/p>\r\n<p style=\"text-align: left;\">Para tener una r\u00e1pida idea de los or\u00edgenes y la evoluci\u00f3n de la cr\u00edtica cronol\u00f3gica puedes echar un vistazo a la tabla cronol\u00f3gica en <a href=\"https:\/\/chronologiekritik.de\/es\/contexto\/\" target=\"_blank\" rel=\"noopener\">Contexto<\/a>.<\/p>","protected":false},"excerpt":{"rendered":"<p>Cronolog\u00eda revisada es una web para informar sobre las investigaciones que cuestionan el marco cronol\u00f3gico de la historia actual. Intenta mostrar cu\u00e1ndo se cre\u00f3 este marco, qu\u00e9 errores se cometieron y manipulaciones tuvieron lugar. M\u00e1s informaci\u00f3n. Cronolog\u00eda revisada publica regularmente ensayos y reflexiones sobre estos temas en la Sala de Lectura. No se trata s\u00f3lo de dataciones; tambi\u00e9n se cuestionan y critican visiones consagradas de la historia que pueden estar basadas en fundamentos falsos.\u00a0 Qui\u00e9n es qui\u00e9n es una lista en la que figuran numerosos autoresque o bien trabajan hoy en el campo de la cronolog\u00eda cr\u00edtica o bien han publicado en el pasado, incluso hace siglos, reflexiones o investigaciones relacionadas con este tema. Algunos fueron importantes figuras de la historiograf\u00eda de su \u00e9poca, otros solo han aportado algunos impulsos en esta direcci\u00f3n. Los investigadores m\u00e1s importantes de las \u00faltimas d\u00e9cadas se hallan en la lista de Autores actuales; aparte est\u00e1 la lista de nuestros colaboradores.\u00a0 Para tener una r\u00e1pida idea de los or\u00edgenes y la evoluci\u00f3n de la cr\u00edtica cronol\u00f3gica puedes echar un vistazo a la tabla cronol\u00f3gica en Contexto.<\/p>\n","protected":false},"author":1,"featured_media":0,"parent":0,"menu_order":0,"comment_status":"closed","ping_status":"closed","template":"","meta":{"footnotes":""},"class_list":["post-3084","page","type-page","status-publish","hentry"],"jetpack_sharing_enabled":true,"_links":{"self":[{"href":"https:\/\/chronologiekritik.de\/es\/wp-json\/wp\/v2\/pages\/3084","targetHints":{"allow":["GET"]}}],"collection":[{"href":"https:\/\/chronologiekritik.de\/es\/wp-json\/wp\/v2\/pages"}],"about":[{"href":"https:\/\/chronologiekritik.de\/es\/wp-json\/wp\/v2\/types\/page"}],"author":[{"embeddable":true,"href":"https:\/\/chronologiekritik.de\/es\/wp-json\/wp\/v2\/users\/1"}],"replies":[{"embeddable":true,"href":"https:\/\/chronologiekritik.de\/es\/wp-json\/wp\/v2\/comments?post=3084"}],"version-history":[{"count":22,"href":"https:\/\/chronologiekritik.de\/es\/wp-json\/wp\/v2\/pages\/3084\/revisions"}],"predecessor-version":[{"id":3438,"href":"https:\/\/chronologiekritik.de\/es\/wp-json\/wp\/v2\/pages\/3084\/revisions\/3438"}],"wp:attachment":[{"href":"https:\/\/chronologiekritik.de\/es\/wp-json\/wp\/v2\/media?parent=3084"}],"curies":[{"name":"wp","href":"https:\/\/api.w.org\/{rel}","templated":true}]}}

Cronología revisada

<div class="wp-block-image">
<figure class="alignright size-large is-resized"><img loading="lazy" decoding="async" class="wp-image-151" src="https://chronologiekritik.files.wordpress.com/2022/06/astrolab-1.jpg?w=700" alt="" width="230" height="230" /></figure>
</div>


<p style="text-align: left;"><strong>Cronología revisada </strong>es una web para informar sobre las investigaciones que cuestionan el marco cronológico de la historia actual. Intenta mostrar cuándo se creó este marco, qué errores se cometieron y manipulaciones tuvieron lugar. <a href="https://chronologiekritik.de/es/cronologia-critica/">Más información</a>.</p>
<p style="text-align: left;">

</p>
<p style="text-align: left;"><strong>Cronología revisada </strong>publica regularmente ensayos y reflexiones sobre estos temas en la <a href="https://chronologiekritik.de/es/category/articulos/" target="_blank" rel="noopener">Sala de Lectura.</a> No se trata sólo de dataciones; también se cuestionan y critican visiones consagradas de la historia que pueden estar basadas en fundamentos falsos. </p>
<p style="text-align: left;"><a href="https://chronologiekritik.de/es/quien-es-quien/" target="_blank" rel="noopener"><strong>Quién es quién</strong></a> es una lista en la que figuran numerosos autoresque o bien trabajan hoy en el campo de la cronología crítica o bien han publicado en el pasado, incluso hace siglos, reflexiones o investigaciones relacionadas con este tema. Algunos fueron importantes figuras de la historiografía de su época, otros solo han aportado algunos impulsos en esta dirección. Los investigadores más importantes de las últimas décadas se hallan en la lista de <a href="https://chronologiekritik.de/es/cronologia-critica/autores-actuales/" target="_blank" rel="noopener">Autores actuales</a>; aparte está la lista de <a href="https://chronologiekritik.de/es/colaboradores/" target="_blank" rel="noopener">nuestros colaboradores</a>. </p>
<p style="text-align: left;">Para tener una rápida idea de los orígenes y la evolución de la crítica cronológica puedes echar un vistazo a la tabla cronológica en <a href="https://chronologiekritik.de/es/contexto/" target="_blank" rel="noopener">Contexto</a>.</p>

<p>Cronología revisada es una web para informar sobre las investigaciones que cuestionan el marco cronológico de la historia actual. Intenta mostrar cuándo se creó este marco, qué errores se cometieron y manipulaciones tuvieron lugar. Más información. Cronología revisada publica regularmente ensayos y reflexiones sobre estos temas en la Sala de Lectura. No se trata sólo de dataciones; también se cuestionan y critican visiones consagradas de la historia que pueden estar basadas en fundamentos falsos.  Quién es quién es una lista en la que figuran numerosos autoresque o bien trabajan hoy en el campo de la cronología crítica o bien han publicado en el pasado, incluso hace siglos, reflexiones o investigaciones relacionadas con este tema. Algunos fueron importantes figuras de la historiografía de su época, otros solo han aportado algunos impulsos en esta dirección. Los investigadores más importantes de las últimas décadas se hallan en la lista de Autores actuales; aparte está la lista de nuestros colaboradores.  Para tener una rápida idea de los orígenes y la evolución de la crítica cronológica puedes echar un vistazo a la tabla cronológica en Contexto.</p>
