{"id":3168,"date":"2023-03-19T21:33:30","date_gmt":"2023-03-19T20:33:30","guid":{"rendered":"https:\/\/chronologiekritik.de\/es\/?page_id=3168"},"modified":"2023-09-19T13:50:53","modified_gmt":"2023-09-19T11:50:53","slug":"colaboradores","status":"publish","type":"page","link":"https:\/\/chronologiekritik.de\/es\/colaboradores\/","title":{"rendered":"Colaboradores"},"content":{"rendered":"\r\n<div class=\"wp-block-columns alignwide is-layout-flex wp-container-core-columns-is-layout-9d6595d7 wp-block-columns-is-layout-flex\">\r\n<div class=\"wp-block-column is-layout-flow wp-block-column-is-layout-flow\"> La web <strong>Cronolog\u00eda Cr\u00edtica <\/strong>no es m\u00e1s que la suma de sus colaboradores. Son cient\u00edficos e investigadores que contribuyen con sus art\u00edculos a enriquecer esta p\u00e1gina. No es raro que defiendan ideas muy distintas y no faltan pol\u00e9micas que se reflejan en los propios ensayos publicados aqu\u00ed. No todos est\u00e1n de acuerdo con las l\u00edneas maestras de la revisi\u00f3n cronol\u00f3gica que se explican en la secci\u00f3n <a href=\"https:\/\/chronologiekritik.de\/es\/titulares\/\">Titulares<\/a>, pero todos mantienen una disposici\u00f3n abierta a debatir ideas poco convencionales. Y por supuesto todos se atienen al concepto del <a href=\"https:\/\/chronologiekritik.de\/es\/ciencia\/\">trabajo cient\u00edfico<\/a>.\u00a0 <br \/><br \/>El debate sobre la cr\u00edtica a la cronolog\u00eda y la elaboraci\u00f3n de un nuevo modelo de nuestra historia abarca a muchos m\u00e1s investigadores que los colaboradores de Cronolog\u00eda Cr\u00edtica. Algunos publican en sus propias p\u00e1ginas web. Para un r\u00e1pido vistazo sobre los autores m\u00e1s destacadas se puede consultar la tabla en la secci\u00f3n de <a href=\"https:\/\/chronologiekritik.de\/es\/contexto\/\">Contexto<\/a> o la exhaustiva lista en <a href=\"https:\/\/chronologiekritik.de\/es\/quien-es-quien\/\">Quien es qui\u00e9n<\/a>.\u00a0\r\n\r\n\r\n\r\n <br \/><br \/>Actualmente una docena de autores colabora en <strong>Cronolog\u00eda Cr\u00edtica:<\/strong> \r\n\r\n<\/div>\r\n<\/div>\r\n\r\n\r\n\r\n<figure class=\"wp-block-gallery alignwide has-nested-images columns-4 is-cropped wp-block-gallery-1 is-layout-flex wp-block-gallery-is-layout-flex\">\r\n<figure class=\"wp-block-image size-large\"><a href=\"https:\/\/chronologiekritik.de\/es\/colaboradores\/uwe-topper\/\"><img loading=\"lazy\" decoding=\"async\" data-id=\"598\" class=\"alignnone wp-image-598\" src=\"https:\/\/chronologiekritik.de\/wp-content\/uploads\/sites\/4\/2022\/09\/topper-uwe-1.png?w=150\" alt=\"\" width=\"150\" height=\"200\" \/><\/a>\r\n<figcaption class=\"wp-element-caption\"><a href=\"https:\/\/chronologiekritik.de\/es\/colaboradores\/uwe-topper\/\"><strong>Uwe Topper<\/strong> Investigador | Berl\u00edn<\/a><\/figcaption>\r\n<\/figure>\r\n\r\n\r\n\r\n<figure class=\"wp-block-image size-large\"><a href=\"https:\/\/chronologiekritik.de\/es\/colaboradores\/ilya-u-topper\/\"><img loading=\"lazy\" decoding=\"async\" data-id=\"599\" class=\"alignnone wp-image-599\" src=\"https:\/\/chronologiekritik.de\/wp-content\/uploads\/sites\/4\/2022\/09\/topper-ilya-1.png?w=150\" alt=\"\" width=\"150\" height=\"180\" \/><\/a>\r\n<figcaption class=\"wp-element-caption\"><a href=\"https:\/\/chronologiekritik.de\/es\/colaboradores\/ilya-u-topper\/\"><strong>Ilya U. Topper<\/strong> Periodista | Estambul<\/a><\/figcaption>\r\n<\/figure>\r\n\r\n\r\n\r\n<figure class=\"wp-block-image size-large\"><a href=\"https:\/\/chronologiekritik.de\/es\/autores\/emilio-g-ferrin\/\"><img loading=\"lazy\" decoding=\"async\" data-id=\"599\" class=\"alignnone wp-image-599\" src=\"https:\/\/chronologiekritik.de\/wp-content\/uploads\/sites\/4\/2022\/09\/ferrin-emilio-1.png\" alt=\"\" width=\"150\" height=\"190\" \/><\/a>\r\n<figcaption class=\"wp-element-caption\"><a href=\"https:\/\/chronologiekritik.de\/es\/autores\/emilio-g-ferrin\/\"><strong>Emilio G. Ferr\u00edn<\/strong> Arabista | Sevilla<\/a><\/figcaption>\r\n<\/figure>\r\n\r\n\r\n\r\n<figure class=\"wp-block-image size-large\"><a href=\"https:\/\/chronologiekritik.de\/karin-wagner\/\"><img decoding=\"async\" data-id=\"606\" class=\"wp-image-606\" src=\"https:\/\/chronologiekritik.de\/wp-content\/uploads\/sites\/4\/2022\/09\/wagner-karin-1.png?w=150\" alt=\"\" \/><\/a>\r\n<figcaption class=\"wp-element-caption\"><strong>Karin Wagner<\/strong> Pedagoga | Karlsruhe<\/figcaption>\r\n<\/figure>\r\n\r\n\r\n\r\n<figure class=\"wp-block-image size-large\"><a href=\"https:\/\/chronologiekritik.de\/es\/colaboradores\/luling\"><img loading=\"lazy\" decoding=\"async\" data-id=\"616\" class=\"alignnone wp-image-616\" src=\"https:\/\/chronologiekritik.de\/en\/wp-content\/uploads\/sites\/2\/2022\/09\/luling-gunter-2.png?w=150\" alt=\"\" width=\"150\" height=\"190\" \/><\/a>\r\n<figcaption class=\"wp-element-caption\"><strong>G\u00fcnter L\u00fcling \u2020<\/strong> Orientalista | Erlangen<\/figcaption>\r\n<\/figure>\r\n\r\n\r\n\r\n<figure class=\"wp-block-image size-large\"><a href=\"https:\/\/chronologiekritik.de\/gunnar-heinsohn\/\"><img decoding=\"async\" data-id=\"652\" class=\"wp-image-652\" src=\"https:\/\/chronologiekritik.de\/en\/wp-content\/uploads\/sites\/2\/2022\/09\/heinsohn-gunnar-1.png?w=150\" alt=\"\" \/><\/a>\r\n<figcaption class=\"wp-element-caption\"><strong>Gunnar Heinsohn \u2020<\/strong> Soci\u00f3logo | Bremen<\/figcaption>\r\n<\/figure>\r\n\r\n\r\n\r\n<figure class=\"wp-block-image size-large\"><a href=\"https:\/\/chronologiekritik.de\/mitarbeiter\/rainer-schmidt\/\"><img decoding=\"async\" data-id=\"651\" class=\"wp-image-651\" src=\"https:\/\/chronologiekritik.de\/wp-content\/uploads\/sites\/4\/2022\/09\/schmidt-rainer-1.png?w=150\" alt=\"\" \/><\/a>\r\n<figcaption class=\"wp-element-caption\"><strong>Rainer Schmidt<\/strong> Pedagogo | Alemania<\/figcaption>\r\n<\/figure>\r\n\r\n\r\n\r\n<figure class=\"wp-block-image size-large\"><a href=\"https:\/\/chronologiekritik.de\/mitarbeiter\/peter-winzeler\/\"><img decoding=\"async\" data-id=\"623\" class=\"wp-image-623\" src=\"https:\/\/chronologiekritik.de\/wp-content\/uploads\/sites\/4\/2022\/09\/winzeler-peter-1.png?w=150\" alt=\"\" \/><\/a>\r\n<figcaption class=\"wp-element-caption\"><strong>Peter Winzeler<\/strong> Te\u00f3logo | Berna<\/figcaption>\r\n<\/figure>\r\n\r\n\r\n\r\n<figure class=\"wp-block-image size-large\"><a href=\"https:\/\/chronologiekritik.de\/mitarbeiter\/jordan-tabov\/\"><img decoding=\"async\" data-id=\"640\" class=\"wp-image-640\" src=\"https:\/\/chronologiekritik.de\/wp-content\/uploads\/sites\/4\/2022\/09\/tabov-jordan-1.png?w=150\" alt=\"\" \/><\/a>\r\n<figcaption class=\"wp-element-caption\"><strong>Jordan Tabov<\/strong> Matem\u00e1tico | Sofia<\/figcaption>\r\n<\/figure>\r\n\r\n\r\n\r\n<figure class=\"wp-block-image size-large\"><a href=\"https:\/\/chronologiekritik.de\/mitarbeiter\/mischa-gabowitsch\/\"><img decoding=\"async\" data-id=\"675\" class=\"wp-image-675\" src=\"https:\/\/chronologiekritik.de\/wp-content\/uploads\/sites\/4\/2022\/09\/gabowitsch-mischa-2.png?w=150\" alt=\"\" \/><\/a>\r\n<figcaption class=\"wp-element-caption\"><strong>Mischa Gabowitsch<\/strong> Soci\u00f3logo | Viena<\/figcaption>\r\n<\/figure>\r\n\r\n\r\n\r\n<figure class=\"wp-block-image size-large\"><a href=\"https:\/\/chronologiekritik.de\/mitarbeiter\/eugen-gabowitsch\/\"><img decoding=\"async\" data-id=\"648\" class=\"wp-image-648\" src=\"https:\/\/chronologiekritik.de\/wp-content\/uploads\/sites\/4\/2022\/09\/gabowitsch-eugen-1.png?w=150\" alt=\"\" \/><\/a>\r\n<figcaption class=\"wp-element-caption\"><strong>Eugen Gabowitsch \u2020<\/strong> Matem\u00e1tico | Potsdam<\/figcaption>\r\n<\/figure>\r\n\r\n\r\n\r\n<figure class=\"wp-block-image size-large\"><a href=\"https:\/\/chronologiekritik.de\/mitarbeiter\/christian-bloss\/\"><img decoding=\"async\" data-id=\"649\" class=\"wp-image-649\" src=\"https:\/\/chronologiekritik.de\/wp-content\/uploads\/sites\/4\/2022\/09\/bloess-christian-2.png?w=150\" alt=\"\" \/><\/a>\r\n<figcaption class=\"wp-element-caption\"><strong>Christian Bl\u00f6ss<\/strong> F\u00edsico | Berl\u00edn<\/figcaption>\r\n<\/figure>\r\n\r\n\r\n\r\n<figure class=\"wp-block-image size-large\"><a href=\"https:\/\/chronologiekritik.de\/mitarbeiter\/francois-de-sarre\/\"><img decoding=\"async\" data-id=\"645\" class=\"wp-image-645\" src=\"https:\/\/chronologiekritik.de\/wp-content\/uploads\/sites\/4\/2022\/09\/sarre-francois-1.png?w=150\" alt=\"\" \/><\/a>\r\n<figcaption class=\"wp-element-caption\"><strong>Fran\u00e7ois de Sarre<\/strong> Zo\u00f3logo | Niza<\/figcaption>\r\n<\/figure>\r\n\r\n\r\n\r\n<figure class=\"wp-block-image size-large\"><a href=\"https:\/\/chronologiekritik.de\/mitarbeiter\/walter-haug\/\"><img decoding=\"async\" data-id=\"635\" class=\"wp-image-635\" src=\"https:\/\/chronologiekritik.de\/wp-content\/uploads\/sites\/4\/2022\/09\/haug-walter-1.png?w=150\" alt=\"\" \/><\/a>\r\n<figcaption class=\"wp-element-caption\"><strong>Walter Haug \u2020<\/strong> Profesor | Alemania<\/figcaption>\r\n<\/figure>\r\n\r\n\r\n\r\n<figure class=\"wp-block-image size-large\"><a href=\"https:\/\/chronologiekritik.de\/andreas-tschurilow\/\"><img decoding=\"async\" data-id=\"650\" class=\"wp-image-650\" src=\"https:\/\/chronologiekritik.de\/wp-content\/uploads\/sites\/4\/2022\/09\/tschurilow-andreas-1.png?w=150\" alt=\"\" \/><\/a>\r\n<figcaption class=\"wp-element-caption\"><strong>Andreas Tschurilow \u2020<\/strong> Ingeniero | Alemania<\/figcaption>\r\n<\/figure>\r\n\r\n\r\n<\/figure>","protected":false},"excerpt":{"rendered":"<p>La web Cronolog\u00eda Cr\u00edtica no es m\u00e1s que la suma de sus colaboradores. Son cient\u00edficos e investigadores que contribuyen con sus art\u00edculos a enriquecer esta p\u00e1gina. No es raro que defiendan ideas muy distintas y no faltan pol\u00e9micas que se reflejan en los propios ensayos publicados aqu\u00ed. No todos est\u00e1n de acuerdo con las l\u00edneas maestras de la revisi\u00f3n cronol\u00f3gica que se explican en la secci\u00f3n Titulares, pero todos mantienen una disposici\u00f3n abierta a debatir ideas poco convencionales. Y por supuesto todos se atienen al concepto del trabajo cient\u00edfico.\u00a0 El debate sobre la cr\u00edtica a la cronolog\u00eda y la elaboraci\u00f3n de un nuevo modelo de nuestra historia abarca a muchos m\u00e1s investigadores que los colaboradores de Cronolog\u00eda Cr\u00edtica. Algunos publican en sus propias p\u00e1ginas web. Para un r\u00e1pido vistazo sobre los autores m\u00e1s destacadas se puede consultar la tabla en la secci\u00f3n de Contexto o la exhaustiva lista en Quien es qui\u00e9n.\u00a0 Actualmente una docena de autores colabora en Cronolog\u00eda Cr\u00edtica:<\/p>\n","protected":false},"author":2,"featured_media":0,"parent":0,"menu_order":0,"comment_status":"closed","ping_status":"closed","template":"","meta":{"footnotes":""},"class_list":["post-3168","page","type-page","status-publish","hentry"],"jetpack_sharing_enabled":true,"_links":{"self":[{"href":"https:\/\/chronologiekritik.de\/es\/wp-json\/wp\/v2\/pages\/3168","targetHints":{"allow":["GET"]}}],"collection":[{"href":"https:\/\/chronologiekritik.de\/es\/wp-json\/wp\/v2\/pages"}],"about":[{"href":"https:\/\/chronologiekritik.de\/es\/wp-json\/wp\/v2\/types\/page"}],"author":[{"embeddable":true,"href":"https:\/\/chronologiekritik.de\/es\/wp-json\/wp\/v2\/users\/2"}],"replies":[{"embeddable":true,"href":"https:\/\/chronologiekritik.de\/es\/wp-json\/wp\/v2\/comments?post=3168"}],"version-history":[{"count":12,"href":"https:\/\/chronologiekritik.de\/es\/wp-json\/wp\/v2\/pages\/3168\/revisions"}],"predecessor-version":[{"id":3393,"href":"https:\/\/chronologiekritik.de\/es\/wp-json\/wp\/v2\/pages\/3168\/revisions\/3393"}],"wp:attachment":[{"href":"https:\/\/chronologiekritik.de\/es\/wp-json\/wp\/v2\/media?parent=3168"}],"curies":[{"name":"wp","href":"https:\/\/api.w.org\/{rel}","templated":true}]}}

<div class="wp-block-columns alignwide is-layout-flex wp-container-core-columns-is-layout-9d6595d7 wp-block-columns-is-layout-flex">
<div class="wp-block-column is-layout-flow wp-block-column-is-layout-flow"> La web <strong>Cronología Crítica </strong>no es más que la suma de sus colaboradores. Son científicos e investigadores que contribuyen con sus artículos a enriquecer esta página. No es raro que defiendan ideas muy distintas y no faltan polémicas que se reflejan en los propios ensayos publicados aquí. No todos están de acuerdo con las líneas maestras de la revisión cronológica que se explican en la sección <a href="https://chronologiekritik.de/es/titulares/">Titulares</a>, pero todos mantienen una disposición abierta a debatir ideas poco convencionales. Y por supuesto todos se atienen al concepto del <a href="https://chronologiekritik.de/es/ciencia/">trabajo científico</a>.  <br /><br />El debate sobre la crítica a la cronología y la elaboración de un nuevo modelo de nuestra historia abarca a muchos más investigadores que los colaboradores de Cronología Crítica. Algunos publican en sus propias páginas web. Para un rápido vistazo sobre los autores más destacadas se puede consultar la tabla en la sección de <a href="https://chronologiekritik.de/es/contexto/">Contexto</a> o la exhaustiva lista en <a href="https://chronologiekritik.de/es/quien-es-quien/">Quien es quién</a>. 



 <br /><br />Actualmente una docena de autores colabora en <strong>Cronología Crítica:</strong> 

</div>
</div>



<figure class="wp-block-gallery alignwide has-nested-images columns-4 is-cropped wp-block-gallery-1 is-layout-flex wp-block-gallery-is-layout-flex">
<figure class="wp-block-image size-large"><a href="https://chronologiekritik.de/es/colaboradores/uwe-topper/"><img loading="lazy" decoding="async" data-id="598" class="alignnone wp-image-598" src="https://chronologiekritik.de/wp-content/uploads/sites/4/2022/09/topper-uwe-1.png?w=150" alt="" width="150" height="200" /></a>
<figcaption class="wp-element-caption"><a href="https://chronologiekritik.de/es/colaboradores/uwe-topper/"><strong>Uwe Topper</strong> Investigador | Berlín</a></figcaption>
</figure>



<figure class="wp-block-image size-large"><a href="https://chronologiekritik.de/es/colaboradores/ilya-u-topper/"><img loading="lazy" decoding="async" data-id="599" class="alignnone wp-image-599" src="https://chronologiekritik.de/wp-content/uploads/sites/4/2022/09/topper-ilya-1.png?w=150" alt="" width="150" height="180" /></a>
<figcaption class="wp-element-caption"><a href="https://chronologiekritik.de/es/colaboradores/ilya-u-topper/"><strong>Ilya U. Topper</strong> Periodista | Estambul</a></figcaption>
</figure>



<figure class="wp-block-image size-large"><a href="https://chronologiekritik.de/es/autores/emilio-g-ferrin/"><img loading="lazy" decoding="async" data-id="599" class="alignnone wp-image-599" src="https://chronologiekritik.de/wp-content/uploads/sites/4/2022/09/ferrin-emilio-1.png" alt="" width="150" height="190" /></a>
<figcaption class="wp-element-caption"><a href="https://chronologiekritik.de/es/autores/emilio-g-ferrin/"><strong>Emilio G. Ferrín</strong> Arabista | Sevilla</a></figcaption>
</figure>



<figure class="wp-block-image size-large"><a href="https://chronologiekritik.de/karin-wagner/"><img decoding="async" data-id="606" class="wp-image-606" src="https://chronologiekritik.de/wp-content/uploads/sites/4/2022/09/wagner-karin-1.png?w=150" alt="" /></a>
<figcaption class="wp-element-caption"><strong>Karin Wagner</strong> Pedagoga | Karlsruhe</figcaption>
</figure>



<figure class="wp-block-image size-large"><a href="https://chronologiekritik.de/es/colaboradores/luling"><img loading="lazy" decoding="async" data-id="616" class="alignnone wp-image-616" src="https://chronologiekritik.de/en/wp-content/uploads/sites/2/2022/09/luling-gunter-2.png?w=150" alt="" width="150" height="190" /></a>
<figcaption class="wp-element-caption"><strong>Günter Lüling †</strong> Orientalista | Erlangen</figcaption>
</figure>



<figure class="wp-block-image size-large"><a href="https://chronologiekritik.de/gunnar-heinsohn/"><img decoding="async" data-id="652" class="wp-image-652" src="https://chronologiekritik.de/en/wp-content/uploads/sites/2/2022/09/heinsohn-gunnar-1.png?w=150" alt="" /></a>
<figcaption class="wp-element-caption"><strong>Gunnar Heinsohn †</strong> Sociólogo | Bremen</figcaption>
</figure>



<figure class="wp-block-image size-large"><a href="https://chronologiekritik.de/mitarbeiter/rainer-schmidt/"><img decoding="async" data-id="651" class="wp-image-651" src="https://chronologiekritik.de/wp-content/uploads/sites/4/2022/09/schmidt-rainer-1.png?w=150" alt="" /></a>
<figcaption class="wp-element-caption"><strong>Rainer Schmidt</strong> Pedagogo | Alemania</figcaption>
</figure>



<figure class="wp-block-image size-large"><a href="https://chronologiekritik.de/mitarbeiter/peter-winzeler/"><img decoding="async" data-id="623" class="wp-image-623" src="https://chronologiekritik.de/wp-content/uploads/sites/4/2022/09/winzeler-peter-1.png?w=150" alt="" /></a>
<figcaption class="wp-element-caption"><strong>Peter Winzeler</strong> Teólogo | Berna</figcaption>
</figure>



<figure class="wp-block-image size-large"><a href="https://chronologiekritik.de/mitarbeiter/jordan-tabov/"><img decoding="async" data-id="640" class="wp-image-640" src="https://chronologiekritik.de/wp-content/uploads/sites/4/2022/09/tabov-jordan-1.png?w=150" alt="" /></a>
<figcaption class="wp-element-caption"><strong>Jordan Tabov</strong> Matemático | Sofia</figcaption>
</figure>



<figure class="wp-block-image size-large"><a href="https://chronologiekritik.de/mitarbeiter/mischa-gabowitsch/"><img decoding="async" data-id="675" class="wp-image-675" src="https://chronologiekritik.de/wp-content/uploads/sites/4/2022/09/gabowitsch-mischa-2.png?w=150" alt="" /></a>
<figcaption class="wp-element-caption"><strong>Mischa Gabowitsch</strong> Sociólogo | Viena</figcaption>
</figure>



<figure class="wp-block-image size-large"><a href="https://chronologiekritik.de/mitarbeiter/eugen-gabowitsch/"><img decoding="async" data-id="648" class="wp-image-648" src="https://chronologiekritik.de/wp-content/uploads/sites/4/2022/09/gabowitsch-eugen-1.png?w=150" alt="" /></a>
<figcaption class="wp-element-caption"><strong>Eugen Gabowitsch †</strong> Matemático | Potsdam</figcaption>
</figure>



<figure class="wp-block-image size-large"><a href="https://chronologiekritik.de/mitarbeiter/christian-bloss/"><img decoding="async" data-id="649" class="wp-image-649" src="https://chronologiekritik.de/wp-content/uploads/sites/4/2022/09/bloess-christian-2.png?w=150" alt="" /></a>
<figcaption class="wp-element-caption"><strong>Christian Blöss</strong> Físico | Berlín</figcaption>
</figure>



<figure class="wp-block-image size-large"><a href="https://chronologiekritik.de/mitarbeiter/francois-de-sarre/"><img decoding="async" data-id="645" class="wp-image-645" src="https://chronologiekritik.de/wp-content/uploads/sites/4/2022/09/sarre-francois-1.png?w=150" alt="" /></a>
<figcaption class="wp-element-caption"><strong>François de Sarre</strong> Zoólogo | Niza</figcaption>
</figure>



<figure class="wp-block-image size-large"><a href="https://chronologiekritik.de/mitarbeiter/walter-haug/"><img decoding="async" data-id="635" class="wp-image-635" src="https://chronologiekritik.de/wp-content/uploads/sites/4/2022/09/haug-walter-1.png?w=150" alt="" /></a>
<figcaption class="wp-element-caption"><strong>Walter Haug †</strong> Profesor | Alemania</figcaption>
</figure>



<figure class="wp-block-image size-large"><a href="https://chronologiekritik.de/andreas-tschurilow/"><img decoding="async" data-id="650" class="wp-image-650" src="https://chronologiekritik.de/wp-content/uploads/sites/4/2022/09/tschurilow-andreas-1.png?w=150" alt="" /></a>
<figcaption class="wp-element-caption"><strong>Andreas Tschurilow †</strong> Ingeniero | Alemania</figcaption>
</figure>


</figure>

<p>La web Cronología Crítica no es más que la suma de sus colaboradores. Son científicos e investigadores que contribuyen con sus artículos a enriquecer esta página. No es raro que defiendan ideas muy distintas y no faltan polémicas que se reflejan en los propios ensayos publicados aquí. No todos están de acuerdo con las líneas maestras de la revisión cronológica que se explican en la sección Titulares, pero todos mantienen una disposición abierta a debatir ideas poco convencionales. Y por supuesto todos se atienen al concepto del trabajo científico.  El debate sobre la crítica a la cronología y la elaboración de un nuevo modelo de nuestra historia abarca a muchos más investigadores que los colaboradores de Cronología Crítica. Algunos publican en sus propias páginas web. Para un rápido vistazo sobre los autores más destacadas se puede consultar la tabla en la sección de Contexto o la exhaustiva lista en Quien es quién.  Actualmente una docena de autores colabora en Cronología Crítica:</p>
